alue of (1 - -8) + (280 - 295) - -11?
5
Calculate 9 + -8 - (18 + -5).
-12
Calculate (-6 + 2 - -3) + 5 + 2.
6
What is (11 + -3 + -5 - 9) + 11?
5
What is the value of (17 - (16 + -19)) + -16?
4
What is 5 + ((-5 - -5 - -4) + -7 - -6)?
8
Evaluate -1 + -16 + 9 - -9 - (0 - 16).
17
Calculate 7 - (3 + (-10 - -17 - -2)).
-5
What is the value of -71 + 56 - (7 - 38)?
16
What is the value of 4 + (-7 + -2 - -3) - (-20 - 0)?
18
What is -2 + (5 + -19 - -4) + 2?
-10
What is -17 + 2 - (-220 + 188)?
17
What is (-5 - -26) + 21 + -29?
13
Calculate -25 + 22 + -11 - 1.
-15
What is 26 + (-17 - 0) + -11 + -9?
-11
Evaluate 0 + 10 - 0 - (5 + -11 + 32).
-16
What is (1 - 18) + 55 + -54 + 7 + -1?
-10
What is the value of -12 - (-10 + 0) - (10 - 6 - 7)?
1
3 - 19 - (-4 - (-3 + 5))
-10
Evaluate (4 - -8) + -5 + 1 + -3 + 6.
11
Calculate -7 - (5 - (4 + -2) - (-12 - -19)).
-3
Evaluate (-3 - -22) + -17 - (4 + -2 + 1).
-1
22 + (5 - 7) + -11
9
4 - 0 - (11 + 1) - -10
2
Evaluate -14 - ((-15 - 0 - -9) + -1 + 1).
-8
(-1 + 0 - -2) + 4 - (1152 - 1159)
12
Calculate -29 + -11 - ((-7 - 11) + 6).
-28
Evaluate (37 - 4) + -25 - (20 + 1 + 2).
-15
Evaluate 26 + -14 + 3 + -12 + -3.
0
Evaluate -6 + 6 + (-10 - -11).
1
9 - (3 + -16 - -17)
5
Calculate (57 - 35) + (12 - 47).
-13
Evaluate 13 - (34 + 6 + 10 + -21).
-16
What is the value of (5 - 1) + -100 + 101 + -3 + 18?
20
Evaluate 13 - (8 - -1) - 11.
-7
What is (-20 - -1) + (-334 - -377)?
24
Evaluate 21 + -61 + 20 - 8.
-28
What is 5 + (-157 - -133 - (0 + 8))?
-27
What is the value of 9 + (8 - (4 - (-6 - -2)))?
9
Calculate 0 + (-14 + 20 - -12).
18
What is the value of 2 + (4 + -3 + 2 - -2) + -9?
-2
Calculate -4 - (6 - (10 - (6 + 6 + -13))).
1
8 + 0 - ((-25 - -17) + 27)
-11
Evaluate -5 + -7 + -4 + -5 + 7.
-14
3 + 1 + 2 + (0 - (-1 - -2))
5
1 - 5 - (-12 + (-6 - -11) + -11)
14
Evaluate (1 - 10) + (934 - 917).
8
What is the value of -31 + 9 + 57 + -34?
1
Calculate 2 + 3 - (-7 - (-25 + -6)).
-19
What is (17 - (21 + -4)) + 10 + -2?
8
What is -3 - (3 - 1) - (75 + -86)?
6
What is the value of -11 + 13 + 2 + -10?
-6
0 + (2 - (-2 - 0)) + -71 + 67
0
Calculate 3 + -4 + -5 - (-12 - -7 - -5).
-6
Evaluate 6 + 0 + (-181 - -170).
-5
Calculate 2 - (21 - 0 - (-18 + 18 + 2)).
-17
What is the value of -81 + 55 + 25 + 5?
4
What is (16 - 11) + -3 - -10?
12
Evaluate (14 - 6) + (50 - 58).
0
What is -7 + 35 + (101 - 129)?
0
Calculate -10 + 3 + (-4 - (4 + -11)).
-4
-4 - 41 - (-43 + 32 - 1)
-33
What is the value of (-3 + -12 - (-1 + -10 + 3)) + 17?
10
What is the value of 1 + -9 + 0 + (19 - 38) + 44?
17
What is the value of 156 - 147 - ((-1 - 0) + 6) - -2?
6
Evaluate 6 - ((1 - 0) + -107 + 109).
3
Calculate (-7 + 12 - 1 - 7) + -3.
-6
Evaluate (11 - 9) + (8 - (-3 - -2)) + -3.
8
What is -9 + (4 - (-23 + 11))?
7
What is the value of 6 + -2 + -83 + 80?
1
-8 - (1 - (2 - (-2 - (7 + -4))))
-2
Calculate (8 - 2) + (-2 - (11 + -7)) + 3.
3
Evaluate 2 + (-4 + 19 - (14 + -18)).
21
What is the value of (-15 - -4) + (-57 - -76)?
8
What is the value of 1 + (4 + -18 - -7)?
-6
Calculate (33 - 1) + -33 + 44 + -30.
13
What is (-3 - (4 + 7) - 5) + (8 - 7)?
-18
What is -2 + (-9 + 4 - 2) + 21?
12
(1 - (1 - 15 - -5)) + -19 + 10
1
What is the value of 1 - ((2 - (2 + -4)) + 11)?
-14
What is -29 - (-29 + 10 + 8)?
-18
What is the value of -13 + (-23 - -7) + 36?
7
(-5 - (5 - 13)) + (18 - -3)
24
Calculate (0 - 1 - (2 - 1)) + 585 + -595.
-12
-1 - (-132 - -132 - (18 - 1))
16
Evaluate 13 + (-14 - -7) + 1 - 12 - -20.
15
Calculate (-2 - ((-1 - 7) + 5)) + 29.
30
What is 0 + 14 - 12 - (-7 + 13)?
-4
Evaluate ((9 - (-7 - -6)) + 0 - -2) + -12.
0
-21 - (1 + 17 + -45)
6
Evaluate 4 - (1 + 7 + (-54 - -53)).
-3
-6 + (-6 - (-4 - (-1 + -2 - -6)))
-5
Evaluate -34 - -32 - (-10 - 3).
11
What is the value of 1 + -7 + 2 + (-7 - 1)?
-12
(7 - (0 - -1)) + 145 + -148 + 6
9
What is the value of (-7 - (-2 + -9)) + -2 + -4 - -3?
1
412 + -410 - (-13 - -1 - -3)
11
Evaluate 3 - (-2 + 3 + -10).
12
What is the value of 2 + (3 - (-2 - (6 - 13)) - -1)?
1
What is 1 - 4 - (-13 - (-26 + 4) - -2)?
-14
Evaluate (28 - 36) + 13 - 24.
-19
Calculate -7 + (-14 - -35) + -16.
-2
-40 + -39 + (63 - -7)
-9
3 - (-29 + 6 - -26 - (0 - 1))
-1
-9 - -7 - (2 + 11) - -13
-2
What is the value of (-20 - -1) + (-285 - -300) - (0 - 1)?
-3
-30 + (22 - 7) + -21 + 14
-22
Calculate -4 - -3 - (6 - -1) - (615 - 635).
12
Calculate 30 - 47 - (-6 - 3).
-8
1 - (0 - ((-2 - 3) + -1) - 3)
-2
10 - (-10 - (-3 - -1) - -13)
5
11 + -23 - (-2 + -5 + 11)
-16
What is -2 - 1 - (82 + -87 - (6 - -1))?
9
Evaluate (60 - 51) + 0 + -11.
-2
What is the value of -8 - -10 - (1 - -3) - -5?
3
-8 + 31 - (-44 - -73)
-6
Evaluate -14 + (-3 - 0) + 1 + 5.
-11
What is 16 + 3 + -19 + 9?
9
Evaluate (100 - 85 - (-1 - -26)) + (1 - -35).
26
Calculate 9 - (12 + -4) - ((0 - -2) + 11).
-12
Calculate (-27 - -16) + 10 + -11 + 0.
-12
What is 1 + 6 + 12 + -33 + 11?
-3
What is the value of 6 - (-12 - (-17 + 21))?
22
What is the value of (10 - ((6 - (12 - 8)) + 6)) + -26?
-24
What is the value of -4 + -16 + (-2 - (-4 - 2))?
-16
What is the value of (0 + 6 - 2) + (1 - (15 + 0))?
-10
What is 3 + (43 + -45 - (1 + 14)) - -4?
-10
What is the value of 5 + 4 - (2 + 11 + 146 + -150)?
0
What is the value of -1 + -10 - (1 + (-27 - -12))?
3
Evaluate -2 + 10 + 5 + (14 + 2 - 29).
0
Calculate (-4 + -1 - (3 + -21)) + -33.
-20
Evaluate (-3 - (-3 + -7) - 1) + 0 + 4.
10
Evaluate 97 + -115 + (19 - 3).
-2
Evaluate -7 + 8 + 4 + -2 + 7.
10
Evaluate (50 + -22 - 13) + -13.
2
Calculate -38 + -9 + 27 - (1 + -11).
-10
Calculate -8 + (-14 - -11 - -17).
6
(21 - 3) + (29 + -53 - -1)
-5
Evaluate 11 + -1 + 95 + -112 + 19.
12
-27 - (15 - 38) - 8
-12
What is the value of -18 + (23 - -1) - (3 - 7)?
10
Evaluate 3 - (1 - -2 - 8 - (-33 + 25)).
0
0 + (40 - 29) + (-1 - 7)
3
-31 + 18 + -16 - (-17 - -8)
-20
Evaluate -25 + -2 + 8 + 11.
-8
What is 3 + -3 + -4 + 18 + -1?
13
What is (-8 - -33) + -3 - (-5 + 8)?
19
-5 - 1 - 2 - (-66 + 64 - 24)
18
Calculate -27 + (-3 - -45) - 28.
-13
What is the value of (-11 - -18) + (-9 - 1)?
-3
44 + 4 - (-363 - -398)
13
Calculate (0 - 0) + (-318 - -326).
8
What is 699 + -695 - (1 + (-2 - -5 - -1))?
-1
-13 - (22 + -22) - -2
-11
Calculate (-4 + -1 - 1) + (111 - 50 - 62).
-7
-33 - (31 + -17 + -13)
-34
What is the value of (-2 - 5 - (173 + -186)) + 10?
16
Evaluate (0 - -8) + 75 + -82.
1
Evaluate (1 - 0) + -67 + 74 + -31.
-23
6 - 3 - (0 - -2) - (2 - -1)
-2
What is -7 + -2 + 5 + 3 + -6?
-7
Calculate (-5 - -4) + 9 - (-10 + (13 - 6)).
11
What is the value of -59 + 53 + 0 + -2?
-8
39 - (35 + 32 + 5)
-33
(-37 - -49) + -3 + 8
17
Evaluate 7 + 15 + 10 + -6.
26
(0 - -17 - 8) + (0 - -3) + -14
-2
What is the value of -1 + 3 + -6 + 17 + 9?
22
What is -7 + (-10 - ((-11 - (-24 + 3)) + -54))?
27
Calculate 6 - (6 + -3) - (-3 - (8 - 5)).
9
What is 60 + (-22 - 19) - (-1 - (-1 + 1))?
20
What is (-11 - 13) + 31 + -5?
2
What is -9 - (0 - (-1 + -7 + 9))?
-8
Calculate (-5 - -11) + 6 + 5 + -2.
15
What is -1 + (-2 - (-7 + -1)) + -2?
3
Calculate 1 + -4 + 7 - (-83 - -107).
-20
Evaluate 32 + -36 + (6 - 8) + -9.
-15
Evaluate 33 + 43 + -81 - (0 + 11).
-16
What is the value of -5 + 1 + (5 - (-14 + 1 - -4))?
10
-13 - (8 - (6 + (15 - 11)))
-11
Calculate (31 - 1) + (-23 - -7).
14
Calculate 4 + 1 + -4 + -2 + 2 + -4.
-3
Calculate 2 - ((-8 - -5 - -11 - -10) + -6).
-10
Evaluate (-1 - 3 - 3) + (380 - 378).
-5
What is 38 + (-30 - (-2 - -25))?
-15
(15 - (-9 + 0)) + -60
-36
1 + 8 - (30 + -30 + (-6 - -5))
10
Calculate -23 + 18 - ((6 - 11) + -22 - -1).
21
What is the value of 4 + (-22 - -20) - (1 + -12)?
13
What is -11 + 2 + (-11 - -21) + -3?
-2
Calculate (-22 - 19) + 2 + 21.
-18
What is the value of -3 + (-3 - (-1 - 0)) - (-194 - -196)?
-7
0 - (-4 + (9 - 2) - -10)
-13
What is the value of (-1 - 20) + (-1 - (-21 + 18)) + 3?
-16
Evaluate -5 + (0 - -10) - 2 - 6 - 3.
-6
Evaluate -7 + -1 + (-1 - ((-15 - -7) + -2)).
1
(-3 - (0 + 12)) + 1 + -3
-17
What is 34 - (57 - (20 - -6))?
3
Calculate -7 - -6 - ((-5 - -1) + -4).
7
-3 - (0 - 0 - 0 - -7)
-10
Evaluate 62 + (30 - 61) - (3 + 7).
21
What is 17 + -1 + (6 - -19 - 12 - 15)?
14
-1 - (19 + -21 + 8 + -10)
3
-13 - (-21 - (-2 + 10))
16
What is the value of (87 - 80) + -2 + (2 + 1 - 1)?
7
Evaluate -7 + 14 - (2 - -1).
4
Evaluate 18 + (5 - 15) + 4 + -22 + 1.
-9
Calculate -3 + 46 + -32 + 12.
23
9 - (-9 + 3 - -3 - (-5 + 7))
14
Evaluate -6 - 8 - (-5 -